12
What is the highest common factor of 132023384 and 8?
8
Calculate the greatest common divisor of 87650 and 88350.
50
Calculate the highest common divisor of 414 and 99417776.
46
Calculate the highest common factor of 11 and 525551939.
11
Calculate the greatest common factor of 296 and 8197794.
74
What is the highest common divisor of 1285779339 and 351?
351
Calculate the highest common factor of 96 and 23288682.
6
What is the greatest common factor of 6363 and 15897?
21
What is the greatest common factor of 142710347 and 195?
13
Calculate the highest common factor of 1080088 and 120.
8
Calculate the greatest common factor of 406 and 55633774.
406
Calculate the greatest common factor of 1198 and 16174.
2
What is the highest common divisor of 30177 and 592221?
21
Calculate the greatest common divisor of 16993330 and 30.
10
Calculate the greatest common divisor of 17658 and 129762.
162
What is the highest common divisor of 1112 and 1912?
8
Calculate the greatest common divisor of 190092 and 251751.
93
Calculate the greatest common divisor of 10575 and 6011300.
1175
Calculate the highest common divisor of 472860 and 860.
20
What is the greatest common divisor of 16110 and 446952260?
1790
Calculate the greatest common factor of 748 and 3438182.
374
Calculate the highest common divisor of 63222384 and 1892.
172
What is the highest common divisor of 3692 and 1120483?
13
Calculate the highest common factor of 3237 and 49755.
3
Calculate the highest common factor of 435 and 32870862.
87
What is the greatest common divisor of 840362919 and 22?
11
What is the greatest common factor of 622160025 and 150?
75
Calculate the greatest common divisor of 64062535 and 27419.
3917
What is the greatest common divisor of 2762880 and 1320?
120
Calculate the greatest common factor of 17446854 and 657.
219
What is the greatest common divisor of 1078 and 600640348?
154
Calculate the highest common factor of 66987749 and 19.
19
Calculate the greatest common factor of 140 and 27347110.
70
Calculate the highest common divisor of 392 and 104154155.
49
What is the highest common factor of 151285 and 550?
5
What is the greatest common factor of 334 and 206452?
2
Calculate the highest common factor of 574 and 143458.
14
What is the highest common factor of 736 and 15848288?
736
Calculate the highest common divisor of 1233 and 80825205.
411
Calculate the highest common factor of 748 and 5768491.
17
Calculate the greatest common divisor of 10 and 100246490.
10
What is the highest common factor of 427 and 8227436?
427
What is the highest common divisor of 3768176 and 496?
16
Calculate the highest common divisor of 267 and 779373.
267
Calculate the greatest common factor of 19 and 18791969.
19
What is the greatest common divisor of 847168 and 268522?
3782
Calculate the highest common factor of 103816 and 50880768.
5464
Calculate the greatest common divisor of 272 and 32096.
272
What is the highest common factor of 437 and 2503481?
23
What is the greatest common factor of 58582357 and 19159?
391
What is the greatest common factor of 1785 and 1754825?
85
What is the highest common factor of 105 and 46711056?
21
Calculate the highest common factor of 14491686 and 42.
6
Calculate the highest common divisor of 1497158618 and 34.
34
Calculate the greatest common factor of 355665144 and 136.
8
What is the highest common divisor of 116738151 and 346?
173
Calculate the greatest common divisor of 15706308 and 2424.
1212
Calculate the greatest common divisor of 1469 and 42705.
13
What is the greatest common factor of 39800268 and 108?
108
What is the greatest common factor of 3621636 and 153?
9
Calculate the highest common divisor of 200203 and 761234.
257
Calculate the greatest common divisor of 9644 and 15801694.
4822
What is the greatest common factor of 227864 and 125944?
728
Calculate the highest common factor of 39 and 2143024.
13
Calculate the highest common divisor of 103919647 and 6461.
923
What is the greatest common factor of 738552519 and 9153?
3051
What is the greatest common factor of 5046 and 143707557?
2523
What is the highest common divisor of 31482704 and 990?
22
What is the greatest common factor of 12532277 and 1829?
31
Calculate the greatest common divisor of 28264015 and 130.
65
What is the greatest common divisor of 110 and 6178980830?
110
Calculate the greatest common divisor of 22 and 20088497.
11
What is the highest common divisor of 205725108 and 804?
804
What is the highest common divisor of 3741012 and 8836?
188
Calculate the highest common divisor of 8997715 and 125.
5
Calculate the greatest common factor of 656655 and 7515.
15
Calculate the highest common factor of 81 and 520041.
3
Calculate the greatest common factor of 753064 and 8944.
104
Calculate the greatest common divisor of 21935542 and 323.
17
What is the greatest common divisor of 107598036 and 52?
52
Calculate the greatest common factor of 76 and 9026501.
19
Calculate the highest common factor of 2457828 and 27.
9
What is the greatest common factor of 131341070 and 686?
98
What is the greatest common divisor of 3878321 and 1639?
149
What is the greatest common factor of 19786486 and 76038?
874
What is the greatest common divisor of 41317 and 49375?
79
What is the greatest common factor of 1800218 and 52150?
2086
What is the greatest common factor of 2096 and 4140124?
524
Calculate the highest common divisor of 84392 and 60211774.
1918
What is the highest common factor of 6744000 and 156?
12
Calculate the greatest common divisor of 102 and 47094930.
102
What is the highest common divisor of 248577 and 78603?
399
What is the greatest common factor of 880804 and 187?
17
Calculate the highest common divisor of 105149 and 2011141.
1331
Calculate the highest common divisor of 5949 and 652379238.
5949
What is the greatest common divisor of 440348556 and 146?
146
Calculate the greatest common divisor of 49346 and 27192.
22
What is the greatest common divisor of 232 and 3278537?
29
Calculate the highest common divisor of 5678 and 2307512.
34
What is the greatest common factor of 459675 and 975?
75
What is the highest common factor of 32508 and 35963781?
903
What is the greatest common factor of 1360495 and 285?
95
What is the greatest common divisor of 2152 and 3706282?
538
Calculate the highest common factor of 33438 and 4638.
6
Calculate the greatest common factor of 105 and 8393970.
15
Calculate the highest common divisor of 2615067 and 1171625.
9373
Calculate the greatest common factor of 5096 and 9396387.
637
Calculate the greatest common divisor of 2973832 and 32.
8
Calculate the greatest common divisor of 322043216 and 880.
176
What is the greatest common divisor of 27544087 and 328?
41
What is the highest common divisor of 10074 and 69640686?
438
What is the greatest common factor of 2984 and 24524?
4
Calculate the highest common factor of 15085 and 50345110.
2155
Calculate the greatest common divisor of 100 and 16087925.
25
What is the greatest common factor of 128 and 83428304?
16
Calculate the highest common factor of 11121 and 1408649.
11
What is the greatest common divisor of 7812 and 211229784?
1116
What is the highest common factor of 117 and 13303680?
39
Calculate the greatest common divisor of 66 and 45822128.
22
What is the highest common divisor of 220887 and 123927?
303
Calculate the highest common divisor of 34544 and 377893.
17
Calculate the greatest common divisor of 395659416 and 12.
12
Calculate the highest common factor of 6162662 and 550.
22
What is the greatest common divisor of 14553 and 532980?
189
What is the greatest common divisor of 26036 and 19918?
46
Calculate the greatest common factor of 1400 and 116554200.
1400
What is the highest common factor of 696312 and 1368?
1368
Calculate the highest common divisor of 11625 and 909644625.
11625
What is the highest common divisor of 5304 and 277722744?
5304
Calculate the greatest common factor of 37146 and 89981202.
906
What is the greatest common factor of 180672 and 10704?
48
What is the highest common divisor of 4513416 and 2353?
181
What is the greatest common divisor of 898374456 and 756?
756
What is the greatest common divisor of 422751 and 1623?
3
What is the highest common factor of 425 and 1972225?
25
Calculate the